{"id":36,"date":"2025-12-19T16:55:31","date_gmt":"2025-12-19T15:55:31","guid":{"rendered":"http:\/\/elka-polska.pl\/faq\/"},"modified":"2025-12-19T16:59:11","modified_gmt":"2025-12-19T15:59:11","slug":"faq","status":"publish","type":"page","link":"https:\/\/elka-polska.pl\/autoinstalator\/wordpressbeginners\/faq\/","title":{"rendered":"FAQ"},"content":{"rendered":"\n<div class=\"wp-block-group alignfull is-style-ext-preset--group--natural-1--section has-background-background-color has-background\" id=\"faq\" style=\"margin-top:0;margin-bottom:0;padding-top:var(--wp--preset--spacing--70);padding-bottom:var(--wp--preset--spacing--70)\"><div class=\"wp-block-group__inner-container is-layout-constrained wp-block-group-is-layout-constrained\">\n<div class=\"wp-block-group alignwide is-vertical is-content-justification-center is-layout-flex wp-container-core-group-is-layout-33314992 wp-block-group-is-layout-flex\">\n<div class=\"wp-block-group\"><div class=\"wp-block-group__inner-container is-layout-constrained wp-container-core-group-is-layout-0f719b4e wp-block-group-is-layout-constrained\">\n<h2 class=\"wp-block-heading has-text-align-center\">Innowacyjne p\u0142yty drewnopochodne dla budownictwa i przemys\u0142u<\/h2>\n\n\n\n<p class=\"has-text-align-center\">Znajd\u017a odpowiedzi na najcz\u0119\u015bciej zadawane pytania dotycz\u0105ce naszych p\u0142yt i rozwi\u0105za\u0144 konstrukcyjnych.<\/p>\n<\/div><\/div>\n<\/div>\n\n\n\n<div class=\"wp-block-group alignwide is-content-justification-center\"><div class=\"wp-block-group__inner-container is-layout-constrained wp-container-core-group-is-layout-58adacf1 wp-block-group-is-layout-constrained\">\n<div class=\"wp-block-group is-style-ext-preset--group--natural-1--item-card-1--align-start\"><div class=\"wp-block-group__inner-container is-layout-flow wp-block-group-is-layout-flow\">\n<div class=\"wp-block-group is-style-default\"><div class=\"wp-block-group__inner-container is-layout-flow wp-block-group-is-layout-flow\">\n<h3 class=\"wp-block-heading\">Jakie rodzaje p\u0142yt drewnopochodnych oferuje elka Polska?<\/h3>\n\n\n\n<p>Produkujemy m.in. p\u0142yty ESB i P5, dostosowane do wymaga\u0144 bran\u017cy budowlanej i przemys\u0142owej.<\/p>\n<\/div><\/div>\n<\/div><\/div>\n\n\n\n<div class=\"wp-block-group is-style-ext-preset--group--natural-1--item-card-1--align-start\"><div class=\"wp-block-group__inner-container is-layout-flow wp-block-group-is-layout-flow\">\n<div class=\"wp-block-group is-style-default\"><div class=\"wp-block-group__inner-container is-layout-flow wp-block-group-is-layout-flow\">\n<h3 class=\"wp-block-heading\">Jakie s\u0105 zastosowania p\u0142yt ESB i P5?<\/h3>\n\n\n\n<p>Nasze p\u0142yty sprawdzaj\u0105 si\u0119 w konstrukcjach budowlanych, przemy\u015ble oraz prefabrykacji.<\/p>\n<\/div><\/div>\n<\/div><\/div>\n\n\n\n<div class=\"wp-block-group is-style-ext-preset--group--natural-1--item-card-1--align-start\"><div class=\"wp-block-group__inner-container is-layout-flow wp-block-group-is-layout-flow\">\n<div class=\"wp-block-group is-style-default\"><div class=\"wp-block-group__inner-container is-layout-flow wp-block-group-is-layout-flow\">\n<h3 class=\"wp-block-heading\">Od kiedy dzia\u0142a elka Polska na rynku?<\/h3>\n\n\n\n<p>Firma dzia\u0142a nieprzerwanie od 1906 roku, oferuj\u0105c nowoczesne rozwi\u0105zania drewnopochodne.<\/p>\n<\/div><\/div>\n<\/div><\/div>\n\n\n\n<div class=\"wp-block-group is-style-ext-preset--group--natural-1--item-card-1--align-start\"><div class=\"wp-block-group__inner-container is-layout-flow wp-block-group-is-layout-flow\">\n<div class=\"wp-block-group is-style-default\"><div class=\"wp-block-group__inner-container is-layout-flow wp-block-group-is-layout-flow\">\n<h3 class=\"wp-block-heading\">Czy p\u0142yty elka Polska s\u0105 ekologiczne?<\/h3>\n\n\n\n<p>Tak, nasze produkty powstaj\u0105 z surowc\u00f3w pochodz\u0105cych z odpowiedzialnej gospodarki le\u015bnej.<\/p>\n<\/div><\/div>\n<\/div><\/div>\n<\/div><\/div>\n<\/div><\/div>\n\n<div class=\"wp-block-group alignfull is-style-ext-preset--group--natural-1--section has-tertiary-background-color has-background\" style=\"margin-top:0;margin-bottom:0;padding-top:var(--wp--preset--spacing--70);padding-bottom:var(--wp--preset--spacing--70)\"><div class=\"wp-block-group__inner-container is-layout-constrained wp-block-group-is-layout-constrained\">\n<div class=\"wp-block-columns alignwide are-vertically-aligned-center is-layout-flex wp-container-core-columns-is-layout-3eeeff7a wp-block-columns-is-layout-flex\">\n<div class=\"wp-block-column is-vertically-aligned-center is-layout-flow wp-block-column-is-layout-flow\">\n<figure class=\"wp-block-image is-style-ext-preset--image--natural-1--image-1--content-right\"><img loading=\"lazy\" decoding=\"async\" width=\"1440\" height=\"959\" class=\"wp-image-54\" src=\"http:\/\/elka-polska.pl\/wp-content\/uploads\/2025\/12\/6501c4d1f338a37b7146f8b1534b3168b85788e6.jpg\" alt=\"\" style=\"aspect-ratio:1;object-fit:cover\" srcset=\"https:\/\/elka-polska.pl\/autoinstalator\/wordpressbeginners\/wp-content\/uploads\/2025\/12\/6501c4d1f338a37b7146f8b1534b3168b85788e6.jpg 1440w, https:\/\/elka-polska.pl\/autoinstalator\/wordpressbeginners\/wp-content\/uploads\/2025\/12\/6501c4d1f338a37b7146f8b1534b3168b85788e6-300x200.jpg 300w, https:\/\/elka-polska.pl\/autoinstalator\/wordpressbeginners\/wp-content\/uploads\/2025\/12\/6501c4d1f338a37b7146f8b1534b3168b85788e6-1024x682.jpg 1024w, https:\/\/elka-polska.pl\/autoinstalator\/wordpressbeginners\/wp-content\/uploads\/2025\/12\/6501c4d1f338a37b7146f8b1534b3168b85788e6-768x511.jpg 768w\" sizes=\"auto, (max-width: 1440px) 100vw, 1440px\" \/><\/figure>\n<\/div>\n\n\n\n<div class=\"wp-block-column is-vertically-aligned-center is-layout-flow wp-block-column-is-layout-flow\">\n<div class=\"wp-block-group alignwide is-vertical is-layout-flex wp-container-core-group-is-layout-5576de17 wp-block-group-is-layout-flex\">\n<div class=\"wp-block-group\"><div class=\"wp-block-group__inner-container is-layout-constrained wp-block-group-is-layout-constrained\">\n<h2 class=\"wp-block-heading\">P\u0142yta ESB<\/h2>\n\n\n\n<p>Nasze p\u0142yty drewnopochodne, takie jak ESB i P5, cechuj\u0105 si\u0119 wyj\u0105tkow\u0105 wytrzyma\u0142o\u015bci\u0105 i odporno\u015bci\u0105. Idealne do zastosowa\u0144 w budownictwie i przemy\u015ble, zapewniaj\u0105 stabilno\u015b\u0107 konstrukcji oraz ekologiczne rozwi\u0105zania dzi\u0119ki wykorzystaniu surowc\u00f3w odnawialnych. Ich innowacyjna struktura gwarantuje \u0142atwo\u015b\u0107 obr\u00f3bki i d\u0142ug\u0105 \u017cywotno\u015b\u0107.<\/p>\n<\/div><\/div>\n\n\n\n<div class=\"wp-block-buttons is-layout-flex wp-block-buttons-is-layout-flex\">\n<div class=\"wp-block-button is-style-ext-preset--button--natural-1--button-1\"><a class=\"wp-block-button__link wp-element-button\" href=\"http:\/\/elka-polska.pl\/portfolio\">Zam\u00f3w teraz<\/a><\/div>\n<\/div>\n<\/div>\n<\/div>\n<\/div>\n<\/div><\/div>\n\n<div class=\"wp-block-group alignfull is-style-ext-preset--group--natural-1--section has-background-background-color has-background\" style=\"margin-top:0;margin-bottom:0;padding-top:var(--wp--preset--spacing--70);padding-bottom:var(--wp--preset--spacing--70)\"><div class=\"wp-block-group__inner-container is-layout-constrained wp-block-group-is-layout-constrained\">\n<div class=\"wp-block-group alignwide is-vertical is-layout-flex wp-container-core-group-is-layout-5576de17 wp-block-group-is-layout-flex\">\n<div class=\"wp-block-group\"><div class=\"wp-block-group__inner-container is-layout-constrained wp-block-group-is-layout-constrained\">\n<h2 class=\"wp-block-heading\">Zaufanie potwierdzone do\u015bwiadczeniem<\/h2>\n\n\n\n<p>W tej sekcji prezentujemy nasze kluczowe certyfikaty, rygorystyczne normy bezpiecze\u0144stwa oraz bran\u017cowe wyr\u00f3\u017cnienia, kt\u00f3re gwarantuj\u0105 najwy\u017csz\u0105 jako\u015b\u0107 i zaufanie klient\u00f3w.<\/p>\n<\/div><\/div>\n<\/div>\n\n\n\n<div class=\"wp-block-columns alignwide is-layout-flex wp-container-core-columns-is-layout-bd0aba32 wp-block-columns-is-layout-flex\">\n<div class=\"wp-block-column is-vertically-aligned-stretch is-layout-flow wp-block-column-is-layout-flow\">\n<div class=\"wp-block-group is-style-ext-preset--group--natural-1--item-card-1--align-start\"><div class=\"wp-block-group__inner-container is-layout-constrained wp-block-group-is-layout-constrained\">\n<div class=\"wp-block-group is-style-default\"><div class=\"wp-block-group__inner-container is-layout-constrained wp-block-group-is-layout-constrained\">\n<figure class=\"wp-block-image size-large ext-aspect-landscape wp-duotone-varpresetduotoneprimary-foreground-1\"><img decoding=\"async\" src=\"data:image\/svg+xml;base64,PHN2ZyB4bWxucz0iaHR0cDovL3d3dy53My5vcmcvMjAwMC9zdmciIHdpZHRoPSI0OCIgaGVpZ2h0PSI0OCIgZmlsbD0iIzAwMDAwMCIgdmlld0JveD0iMCAwIDI1NiAyNTYiPjxwYXRoIGQ9Ik0xNzIsNzZhNDQsNDQsMCwxLDAtNDQsNDRBNDQuMDUsNDQuMDUsMCwwLDAsMTcyLDc2Wm0tNDQsMjhhMjgsMjgsMCwxLDEsMjgtMjhBMjgsMjgsMCwwLDEsMTI4LDEwNFptNjAsMjRhNDQsNDQsMCwxLDAsNDQsNDRBNDQuMDUsNDQuMDUsMCwwLDAsMTg4LDEyOFptMCw3MmEyOCwyOCwwLDEsMSwyOC0yOEEyOCwyOCwwLDAsMSwxODgsMjAwWk02OCwxMjhhNDQsNDQsMCwxLDAsNDQsNDRBNDQuMDUsNDQuMDUsMCwwLDAsNjgsMTI4Wm0wLDcyYTI4LDI4LDAsMSwxLDI4LTI4QTI4LDI4LDAsMCwxLDY4LDIwMFoiPjwvcGF0aD48L3N2Zz4=\" alt=\"\" style=\"object-fit:cover\"\/><\/figure>\n\n\n\n<h3 class=\"wp-block-heading\">Certyfikat zgodno\u015bci z norm\u0105 EN 312<\/h3>\n\n\n\n<p>Potwierdza, \u017ce nasze p\u0142yty drewnopochodne spe\u0142niaj\u0105 europejskie standardy jako\u015bci i bezpiecze\u0144stwa, co jest kluczowe dla budownictwa i przemys\u0142u.<\/p>\n<\/div><\/div>\n<\/div><\/div>\n<\/div>\n\n\n\n<div class=\"wp-block-column is-vertically-aligned-stretch is-layout-flow wp-block-column-is-layout-flow\">\n<div class=\"wp-block-group is-style-ext-preset--group--natural-1--item-card-1--align-start\"><div class=\"wp-block-group__inner-container is-layout-constrained wp-block-group-is-layout-constrained\">\n<div class=\"wp-block-group is-style-default\"><div class=\"wp-block-group__inner-container is-layout-constrained wp-block-group-is-layout-constrained\">\n<figure class=\"wp-block-image size-large ext-aspect-landscape wp-duotone-varpresetduotoneprimary-foreground-2\"><img decoding=\"async\" src=\"data:image\/svg+xml;base64,PHN2ZyB4bWxucz0iaHR0cDovL3d3dy53My5vcmcvMjAwMC9zdmciIHdpZHRoPSI0OCIgaGVpZ2h0PSI0OCIgZmlsbD0iIzAwMDAwMCIgdmlld0JveD0iMCAwIDI1NiAyNTYiPjxwYXRoIGQ9Ik04MCw0MGE0MCw0MCwwLDEsMCw0MCw0MEE0MCw0MCwwLDAsMCw4MCw0MFptMCw2NGEyNCwyNCwwLDEsMSwyNC0yNEEyNCwyNCwwLDAsMSw4MCwxMDRabTk2LDE2YTQwLDQwLDAsMSwwLTQwLTQwQTQwLDQwLDAsMCwwLDE3NiwxMjBabTAtNjRhMjQsMjQsMCwxLDEtMjQsMjRBMjQsMjQsMCwwLDEsMTc2LDU2Wk04MCwxMzZhNDAsNDAsMCwxLDAsNDAsNDBBNDAsNDAsMCwwLDAsODAsMTM2Wm0wLDY0YTI0LDI0LDAsMSwxLDI0LTI0QTI0LDI0LDAsMCwxLDgwLDIwMFptOTYtNjRhNDAsNDAsMCwxLDAsNDAsNDBBNDAsNDAsMCwwLDAsMTc2LDEzNlptMCw2NGEyNCwyNCwwLDEsMSwyNC0yNEEyNCwyNCwwLDAsMSwxNzYsMjAwWiI+PC9wYXRoPjwvc3ZnPg==\" alt=\"\" style=\"object-fit:cover\"\/><\/figure>\n\n\n\n<h3 class=\"wp-block-heading\">Certyfikat FSC \u2013 odpowiedzialna gospodarka le\u015bna<\/h3>\n\n\n\n<p>\u015awiadczy o tym, \u017ce surowce pochodz\u0105 z las\u00f3w zarz\u0105dzanych w spos\u00f3b zr\u00f3wnowa\u017cony, co podkre\u015bla nasze zaanga\u017cowanie w ochron\u0119 \u015brodowiska.<\/p>\n<\/div><\/div>\n<\/div><\/div>\n<\/div>\n\n\n\n<div class=\"wp-block-column is-vertically-aligned-stretch is-layout-flow wp-block-column-is-layout-flow\">\n<div class=\"wp-block-group is-style-ext-preset--group--natural-1--item-card-1--align-start\"><div class=\"wp-block-group__inner-container is-layout-constrained wp-block-group-is-layout-constrained\">\n<div class=\"wp-block-group is-style-default\"><div class=\"wp-block-group__inner-container is-layout-constrained wp-block-group-is-layout-constrained\">\n<figure class=\"wp-block-image size-large ext-aspect-landscape wp-duotone-varpresetduotoneprimary-foreground-3\"><img decoding=\"async\" src=\"data:image\/svg+xml;base64,PHN2ZyB4bWxucz0iaHR0cDovL3d3dy53My5vcmcvMjAwMC9zdmciIHdpZHRoPSI0OCIgaGVpZ2h0PSI0OCIgZmlsbD0iIzAwMDAwMCIgdmlld0JveD0iMCAwIDI1NiAyNTYiPjxwYXRoIGQ9Ik04MCw0MGE0MCw0MCwwLDEsMCw0MCw0MEE0MCw0MCwwLDAsMCw4MCw0MFptMCw2NGEyNCwyNCwwLDEsMSwyNC0yNEEyNCwyNCwwLDAsMSw4MCwxMDRabTk2LDE2YTQwLDQwLDAsMSwwLTQwLTQwQTQwLDQwLDAsMCwwLDE3NiwxMjBabTAtNjRhMjQsMjQsMCwxLDEtMjQsMjRBMjQsMjQsMCwwLDEsMTc2LDU2Wk04MCwxMzZhNDAsNDAsMCwxLDAsNDAsNDBBNDAsNDAsMCwwLDAsODAsMTM2Wm0wLDY0YTI0LDI0LDAsMSwxLDI0LTI0QTI0LDI0LDAsMCwxLDgwLDIwMFptMTM2LTI0YTgsOCwwLDAsMS04LDhIMTg0djI0YTgsOCwwLDAsMS0xNiwwVjE4NEgxNDRhOCw4LDAsMCwxLDAtMTZoMjRWMTQ0YTgsOCwwLDAsMSwxNiwwdjI0aDI0QTgsOCwwLDAsMSwyMTYsMTc2WiI+PC9wYXRoPjwvc3ZnPg==\" alt=\"\" style=\"object-fit:cover\"\/><\/figure>\n\n\n\n<h3 class=\"wp-block-heading\">Nagroda innowacyjno\u015bci w produkcji p\u0142yt<\/h3>\n\n\n\n<p>Docenia nasze nowoczesne technologie i ci\u0105g\u0142e doskonalenie proces\u00f3w, kt\u00f3re przek\u0142adaj\u0105 si\u0119 na trwa\u0142o\u015b\u0107 i funkcjonalno\u015b\u0107 naszych produkt\u00f3w.<\/p>\n<\/div><\/div>\n<\/div><\/div>\n<\/div>\n<\/div>\n<\/div><\/div>\n","protected":false},"excerpt":{"rendered":"<p>Innowacyjne p\u0142yty drewnopochodne dla budownictwa i przemys\u0142u Znajd\u017a odpowiedzi na najcz\u0119\u015bciej zadawane pytania dotycz\u0105ce naszych p\u0142yt i rozwi\u0105za\u0144 konstrukcyjnych. Jakie rodzaje p\u0142yt drewnopochodnych oferuje elka Polska? Produkujemy m.in. p\u0142yty ESB i P5, dostosowane do wymaga\u0144 bran\u017cy budowlanej i przemys\u0142owej. Jakie s\u0105 zastosowania p\u0142yt ESB i P5? Nasze p\u0142yty sprawdzaj\u0105 si\u0119 w konstrukcjach budowlanych, przemy\u015ble oraz [&hellip;]<\/p>\n","protected":false},"author":1,"featured_media":0,"parent":0,"menu_order":0,"comment_status":"closed","ping_status":"closed","template":"page-with-title","meta":{"_uag_custom_page_level_css":"","footnotes":""},"class_list":["post-36","page","type-page","status-publish","hentry"],"aioseo_notices":[],"uagb_featured_image_src":{"full":false,"thumbnail":false,"medium":false,"medium_large":false,"large":false,"1536x1536":false,"2048x2048":false},"uagb_author_info":{"display_name":"admin","author_link":"https:\/\/elka-polska.pl\/autoinstalator\/wordpressbeginners\/author\/admin\/"},"uagb_comment_info":0,"uagb_excerpt":"Innowacyjne p\u0142yty drewnopochodne dla budownictwa i przemys\u0142u Znajd\u017a odpowiedzi na najcz\u0119\u015bciej zadawane pytania dotycz\u0105ce naszych p\u0142yt i rozwi\u0105za\u0144 konstrukcyjnych. Jakie rodzaje p\u0142yt drewnopochodnych oferuje elka Polska? Produkujemy m.in. p\u0142yty ESB i P5, dostosowane do wymaga\u0144 bran\u017cy budowlanej i przemys\u0142owej. Jakie s\u0105 zastosowania p\u0142yt ESB i P5? Nasze p\u0142yty sprawdzaj\u0105 si\u0119 w konstrukcjach budowlanych, przemy\u015ble oraz&hellip;","_links":{"self":[{"href":"https:\/\/elka-polska.pl\/autoinstalator\/wordpressbeginners\/wp-json\/wp\/v2\/pages\/36","targetHints":{"allow":["GET"]}}],"collection":[{"href":"https:\/\/elka-polska.pl\/autoinstalator\/wordpressbeginners\/wp-json\/wp\/v2\/pages"}],"about":[{"href":"https:\/\/elka-polska.pl\/autoinstalator\/wordpressbeginners\/wp-json\/wp\/v2\/types\/page"}],"author":[{"embeddable":true,"href":"https:\/\/elka-polska.pl\/autoinstalator\/wordpressbeginners\/wp-json\/wp\/v2\/users\/1"}],"replies":[{"embeddable":true,"href":"https:\/\/elka-polska.pl\/autoinstalator\/wordpressbeginners\/wp-json\/wp\/v2\/comments?post=36"}],"version-history":[{"count":2,"href":"https:\/\/elka-polska.pl\/autoinstalator\/wordpressbeginners\/wp-json\/wp\/v2\/pages\/36\/revisions"}],"predecessor-version":[{"id":55,"href":"https:\/\/elka-polska.pl\/autoinstalator\/wordpressbeginners\/wp-json\/wp\/v2\/pages\/36\/revisions\/55"}],"wp:attachment":[{"href":"https:\/\/elka-polska.pl\/autoinstalator\/wordpressbeginners\/wp-json\/wp\/v2\/media?parent=36"}],"curies":[{"name":"wp","href":"https:\/\/api.w.org\/{rel}","templated":true}]}}